c24?
9c29
In base 15, what is 20 + -e?
11
In base 9, what is -713235 - 0?
-713235
In base 13, what is ba8ca + 4?
ba901
In base 9, what is 1 + -64280?
-64278
In base 10, what is -490548 + 0?
-490548
In base 8, what is 4 + -1143051?
-1143045
In base 2, what is 1010 + 1000010011101010?
1000010011110100
In base 15, what is 2 - -4cb0?
4cb2
In base 9, what is -2 + -36657?
-36660
In base 16, what is 37e + 18?
396
In base 5, what is -4 + 33440333?
33440324
In base 12, what is 2bb - -11884?
11b83
In base 13, what is -7638 - 11?
-7649
In base 4, what is -12120 + -213?
-12333
In base 12, what is -196 - 0?
-196
In base 2, what is 11110001111111011101100 + 10?
11110001111111011101110
In base 10, what is -111 - 1576?
-1687
In base 10, what is -6910 - -358?
-6552
In base 3, what is -1202122 + -2021?
-1211220
In base 3, what is -1010102 - -222?
-1002110
In base 5, what is 11103432431 + -1?
11103432430
In base 5, what is 131114 - -232?
131401
In base 9, what is 262 + -26805?
-26533
In base 11, what is -3837 + 12?
-3825
In base 16, what is d - -1b61?
1b6e
In base 16, what is -5 + -2158?
-215d
In base 16, what is -2fe02 - 0?
-2fe02
In base 10, what is 7513 + 0?
7513
In base 16, what is a - -24fd2?
24fdc
In base 15, what is -407583 + -1?
-407584
In base 9, what is 3883 + 4?
3887
In base 16, what is 189 + -365?
-1dc
In base 15, what is -b562 + e?
-b553
In base 16, what is -2 + 1d0f?
1d0d
In base 9, what is 511541 - 5?
511535
In base 5, what is 3431 - 10232?
-1301
In base 4, what is -302 - 121022?
-121330
In base 12, what is -84b4 - 7?
-84bb
In base 9, what is -115 - -213?
87
In base 6, what is 0 + 31304?
31304
In base 16, what is ff8 - b?
fed
In base 6, what is 1552 + 1022?
3014
In base 12, what is -5398 + 1?
-5397
In base 15, what is 77635 - 11?
77624
In base 7, what is -145044 + -51?
-145125
In base 15, what is 23144 - 4?
23140
In base 13, what is -394a + 7?
-3943
In base 4, what is 32 - -131121?
131213
In base 8, what is 327252 + -1?
327251
In base 10, what is 411 - -6?
417
In base 6, what is -32 + 2304?
2232
In base 13, what is -16cb87 - 1?
-16cb88
In base 16, what is 5 + -a797b?
-a7976
In base 2, what is 110101000010 - -101?
110101000111
In base 14, what is 3 - d01?
-cdc
In base 13, what is 8 + -10634?
-10629
In base 8, what is -273 + 1237?
744
In base 5, what is 4222204 - -10?
4222214
In base 7, what is 36266 - 6?
36260
In base 14, what is 2529 - -a4?
25cd
In base 6, what is -30 - -12143?
12113
In base 6, what is -4125040 - -2?
-4125034
In base 5, what is -30041 + 203?
-24333
In base 14, what is -d - -728?
719
In base 6, what is 123 + 1132502?
1133025
In base 7, what is -22426226 - 3?
-22426232
In base 2, what is -100000010111011 + -101?
-100000011000000
In base 8, what is -15 - -615270?
615253
In base 5, what is 1302434 + 2?
1302441
In base 16, what is 632c - 1?
632b
In base 14, what is -1 + 6ac16?
6ac15
In base 16, what is ab571 - -3?
ab574
In base 15, what is -d0c - 4b?
-d58
In base 12, what is 1a8602 - -1?
1a8603
In base 9, what is 81531 + 3?
81534
In base 2, what is -10111111111111110 - 0?
-10111111111111110
In base 4, what is 102222320 - 21?
102222233
In base 10, what is 2 - 326165?
-326163
In base 6, what is -3 - 4344534?
-4344541
In base 6, what is 3 - 222502?
-222455
In base 3, what is 20 + -20111021?
-20111001
In base 16, what is -4 - -436f?
436b
In base 5, what is -2033 - -10303?
3220
In base 10, what is -5 + 283802?
283797
In base 16, what is -5 + -9ebcd?
-9ebd2
In base 14, what is -5a1719 - 2?
-5a171b
In base 6, what is 1 + -15541?
-15540
In base 3, what is -11 - -2201001120?
2201001102
In base 10, what is 94874 + 8?
94882
In base 2, what is 1010110 + 10100110?
11111100
In base 5, what is 3014414 - 1?
3014413
In base 12, what is 221b8 - -2?
221ba
In base 14, what is -6a - 263?
-2cd
In base 5, what is -2014421 + -4?
-2014430
In base 11, what is 3 - 193790?
-193788
In base 14, what is 14576a + 1?
14576b
In base 3, what is -1011 - -212122?
211111
In base 7, what is -463 - -2413?
1620
In base 7, what is 26 + 110251?
110310
In base 13, what is 1076 - -12?
1088
In base 8, what is 12666 + 1?
12667
In base 2, what is -111001001101001 + 101?
-111001001100100
In base 14, what is c6 + b2a?
c12
In base 5, what is 114 + -31310?
-31141
In base 4, what is -11210 + -2130?
-20000
In base 6, what is 21 - -10302?
10323
In base 11, what is -21 + -119?
-13a
In base 2, what is -100 + 100010011010111?
100010011010011
In base 13, what is -1a800 + -7?
-1a807
In base 13, what is -8b8 - -699?
-21c
In base 5, what is 0 + 220033?
220033
In base 12, what is -2b880 + 5?
-2b877
In base 10, what is 3 + -2511?
-2508
In base 4, what is 3 + 1100020?
1100023
In base 2, what is -11 - -1010000010101?
1010000010010
In base 16, what is -c82f3 + 1?
-c82f2
In base 16, what is -4fd - 435?
-932
In base 4, what is -31 + 13122323?
13122232
In base 10, what is 3 + -91459?
-91456
In base 8, what is -3272 - 454?
-3746
In base 2, what is 1000100010110010 + -11000?
1000100010011010
In base 3, what is -2121 + -2000000?
-2002121
In base 7, what is -1402 + 0?
-1402
In base 13, what is 2 + 62671?
62673
In base 7, what is 5533 - 14646?
-6113
In base 8, what is -350414 + 3?
-350411
In base 14, what is 296 + -12?
284
In base 16, what is -3 - -121e?
121b
In base 13, what is 19 - a195?
-a179
In base 3, what is -1112201 - -2011121?
121220
In base 15, what is -36de + -1d?
-370c
In base 15, what is -c53 + 1?
-c52
In base 9, what is -2775 + 17?
-2757
In base 15, what is -2c5 + 38?
-28c
In base 16, what is -689 + -a?
-693
In base 7, what is 66024 - -1?
66025
In base 3, what is -111222201220001 + -1?
-111222201220002
In base 10, what is 20635 + -9?
20626
In base 10, what is 265145 + -1?
265144
In base 6, what is -4212 - 3545?
-12201
In base 16, what is 4e - 109?
-bb
In base 16, what is -14 + -eca?
-ede
In base 9, what is -42 - 374?
-426
In base 13, what is 61bb - -5?
61c3
In base 16, what is -93c5 + -1?
-93c6
In base 3, what is -21122100022 - -101?
-21122022221
In base 2, what is 11 - -1100100010111100?
1100100010111111
In base 2, what is -101101011000111001010 + 100?
-101101011000111000110
In base 10, what is 94476 + 3?
94479
In base 2, what is -101010010 - 11010?
-101101100
In base 7, what is 2 - 112621?
-112616
In base 12, what is -30 + -3285?
-32b5
In base 9, what is 720461 - -4?
720465
In base 10, what is 462562 + 4?
462566
In base 14, what is b2 - 3588?
-34b6
In base 12, what is -12 + -25865?
-25877
In base 8, what is 56167 + -1?
56166
In base 16, what is -b + 900b?
9000
In base 2, what is 111010110111 + -110001?
111010000110
In base 15, what is 582840 + -5?
58283a
In base 9, what is -87381 - 0?
-87381
In base 14, what is 1045 - 97?
d8c
In base 8, what is 566040 - -10?
566050
In base 8, what is -17 + 1320?
1301
In base 2, what is 100 - -1000100011101011?
1000100011101111
In base 5, what is 111334 - 1233?
110101
In base 4, what is 30 + 211103?
211133
In base 2, what is -1110100 + -1001111111?
-1011110011
In base 11, what is -62470 + 1?
-6246a
In base 11, what is -16 + -6351?
-6367
In base 4, what is -12 + 130301230?
130301212
In base 8, what is 152704 + 3?
152707
In base 10, what is -10 + 874?
864
In base 16, what is -5 - 5b3e1?
-5b3e6
In base 4, what is -2 + -12031?
-12033
In base 7, what is 51424 - -1?
51425
In base 11, what is 75531 + -3?
75529
In base 13, what is 34 - -803?
837
In base 6, what is 41455 - -225?
42124
In base 3, what is 200110101 - -1220?
200112021
In base 16, what is 28d1a - -1?
28d1b
In base 3, what is -2101201100221 - 2?
-2101201101000
In base 12, what is -320a460 + 0?
-320a460
In base 14, what is 23 + 1207?
122a
In base 3, what is 220 + -100012220010?
-100012212020
In base 12, what is -2 - -2292a6?
2292a4
In base 5, what is 3340222 + -1?
3340221
In base 3, what is 2212 - 1121000?
-1111011
In base 9, what is -2 + 120600?
120587
In base 2, what is 10101010010010 - -111000?
10101011001010
In base 7, what is -321 - -10235?
6614
In base 15, what is -15d + 3?
-15a
In base 3, what is 1000 - 1001221212?
-1001220212
In base 6, what is -1 + 141152?
141151
In base 12, what is -3 + -129b34?
-129b37
In base 2, what is -10 - -101001010001110011?
101001010001110001
In base 4, what is 331 + -1010012?
-1003021
In base 8, what is 727 - -1411?
2340
In base 2, what is -1001111000101 - -10110101?
-1